Suppose -90 = n*z - 9*z. Suppose v = y - 3*y - 1, 0 = 2*y + 10. Calculate the highest common factor of v and z.
9
Let j be 5/(1 + 4/(-2)). Let o(g) = g**3 + 4*g**2 - 6*g - 1. Let a be o(j). Suppose -3 = -a*s + 5. Calculate the highest common factor of s and 22.
2
Let p be (-3)/(1 + 0) - -83. Calculate the greatest common factor of 8 and p.
8
Suppose 2*v - 2*x = 24 + 12, 0 = 5*v - x - 78. What is the highest common divisor of v and 25?
5
Let b(c) = 2*c**2 - 12*c + 20. Let m be b(8). Let k(r) = -r**3 + r**2 - r + 26. Let s be k(0). Calculate the greatest common factor of m and s.
26
Suppose -3*m + 221 = v, -4*m - 2*v + 373 - 81 = 0. Calculate the highest common divisor of m and 90.
15
Let l = -68 - -124. Suppose -3*b + 1 = -8, -68 = -4*z - 4*b. What is the highest common divisor of l and z?
14
Let l = -11 + 47. Calculate the greatest common divisor of l and 9.
9
Let m = 9 - -16. Suppose 4*c + m = h, -2*h - 3*c - 20 = -3*h. Let p = 123 + -88. Calculate the greatest common divisor of h and p.
5
Let h(t) = -30*t - 10. Let p be h(-3). Calculate the highest common divisor of p and 16.
16
Suppose -4*y = 3*w - 25, 4*y + 11 = 6*y + w. Suppose 6*p = 5*l + 2*p - 206, 0 = -3*p + 3. Suppose 3*u = -6 + l. Calculate the highest common divisor of y and u.
4
Let f be 6/(-4)*(-5 + 3). Suppose 5*l - 20 = f*l. Calculate the highest common divisor of 4 and l.
2
Suppose 5*f - 2*f + 5 = 2*j, 0 = 3*f - 3. Let i = -2 - j. Let s be (i/4)/((-5)/10). What is the highest common divisor of 6 and s?
3
Suppose -5*k + 66 = 26. Calculate the greatest common divisor of 16 and k.
8
Let s be (-3 - -8)*-1*1. Let b = s + 13. Calculate the greatest common divisor of 24 and b.
8
Let t = 9 - 9. Suppose t = -5*l - 46 + 1. Let c be 2/(-3)*l/3. Calculate the highest common factor of 6 and c.
2
Suppose -4*h + 1 = -15. Suppose 0 = h*q - q - 24. What is the greatest common divisor of 16 and q?
8
Let u(j) = j**2 + j + 45. Let d be u(0). Suppose -25 = -5*a + d. Let b = 6 + 15. Calculate the highest common factor of b and a.
7
Let h be 4 + 1/(5/230). Calculate the highest common factor of 10 and h.
10
Let x(p) = 12*p**2 - 1. Let a(m) = -11*m**2 + 1. Let r(q) = 4*a(q) + 5*x(q). Let d be r(1). What is the greatest common divisor of 45 and d?
15
Let i be ((-12)/10)/(1/(-15)). Suppose 289 = 11*z - 8. Calculate the highest common divisor of z and i.
9
Let u(q) = 2*q**2 + q - 3. Let y be u(-4). What is the greatest common factor of y and 125?
25
Let v(l) = -31*l. Let u be v(-1). Let c = 71 - u. Calculate the greatest common factor of c and 8.
8
Let h = 8 + -18. Let z be -20*h/(-8)*-2. Calculate the greatest common factor of z and 25.
25
Suppose -50 = -4*w - 3*p, -3*w + 24 = -w + 2*p. Calculate the highest common divisor of 126 and w.
14
Let m(u) = 5*u + 3. Let w be m(6). Let o(x) = -x**2 + 12*x + 11. Let r be o(11). What is the highest common factor of r and w?
11
Suppose -5 - 11 = -2*z. Calculate the highest common divisor of 88 and z.
8
Suppose 11 - 39 = -2*d. Let o(w) = -w**3 - 7*w**2 - 7*w - 4. Let b be o(-6). Calculate the greatest common factor of b and d.
2
Let g be 2/(-6)*-27*1. Suppose 3*k = -3*h + g, 0 = -4*k - 4 - 0. Let p = 11 - h. Calculate the highest common divisor of p and 21.
7
Suppose -a - 4*h = -h + 21, 24 = -2*a + 3*h. Let i be ((-5)/a)/(2/60). What is the highest common factor of 30 and i?
10
Suppose 9 = z - 2*x, 18 = 4*z + x - 27. What is the greatest common factor of z and 1?
1
Let i(q) = 44*q + 4. Let u be i(3). Suppose -f + 4*f - 4*x = 51, 3*x = 3*f - 51. Let k = f + 0. What is the highest common divisor of k and u?
17
Let a(g) = -21*g**3 - 2*g**2 + 3*g + 4. Let i be a(-3). Suppose 3*w = 7*w + i. Let h = w + 190. What is the greatest common factor of 6 and h?
6
Suppose -5*l = -5, 0*i - 163 = -2*i + 5*l. Calculate the greatest common factor of 21 and i.
21
Let d be (-99)/(-2) - 2/4. Calculate the highest common factor of d and 7.
7
Suppose -2*q + 2*y = -12, -4*q + 10*y - 7*y = -20. Suppose -s - 3 + 5 = 0. What is the highest common factor of s and q?
2
Let r(g) = g**2 + 14*g + 9. Let h be r(-8). Let t be (6/(-9) - 3)*h. What is the greatest common factor of 13 and t?
13
Let n(y) = 4*y - 2. Let x be n(3). Calculate the greatest common factor of x and 25.
5
Suppose -7*p - 5*g = -2*p - 80, 56 = 3*p - 5*g. Let j(t) = -2*t**3 - 7*t**2 - 8*t + 2. Let h be j(-3). What is the highest common factor of p and h?
17
Suppose -n - 19 = -4*b - 0, n + 15 = 3*b. Suppose -3*q + 3*x = -51, 4*x - 28 + 24 = -2*q. What is the highest common divisor of q and b?
4
Let p be (18/8)/(2/8). Let l be 7 + 12/4 + -1. Calculate the greatest common factor of p and l.
9
Suppose -240 = 3*d - 6*d. Let p = d + -47. Calculate the highest common factor of 22 and p.
11
Suppose -5*u + 2*n + 20 = 0, 2*n = 4*u - n - 16. Calculate the highest common factor of u and 4.
4
Let v(p) = 78*p - 3. Let k be v(4). Let m be (-12)/(-6)*199/2. Let i = k - m. Calculate the highest common factor of 10 and i.
10
Let b = 10 - 24. Let i = -9 - b. What is the highest common divisor of 40 and i?
5
Let z(m) = 4*m - m**2 - m**3 - 4 - 10*m - 3*m**2. Let i be z(-5). Calculate the greatest common divisor of 34 and i.
17
Let w(x) = -2*x. Let s be w(-11). Suppose s = 5*j - 78. Calculate the greatest common divisor of j and 20.
20
Let b = -6 - -3. Let x be (-11)/b - (-4)/(-6). Calculate the greatest common divisor of x and 1.
1
Suppose 0 = -5*v - 1368 + 5418. Suppose -2*o - 34 = v. Let b be 2/(-7) - o/7. Calculate the greatest common divisor of 12 and b.
12
Let b = -277 + 502. Calculate the highest common divisor of 25 and b.
25
Let o(r) = -r**3 - 8*r**2 + 6*r - 17. Let i be o(-9). Calculate the highest common divisor of 5 and i.
5
Let i(m) = 9*m**2 + 1. Let c be i(-1). Let s be 68/11 + (-6)/33. Let b = c - s. What is the greatest common factor of 36 and b?
4
Suppose 5*z - 26 = -4*u, 4*u - 1 = -4*z + 27. Let m = u + -6. Suppose 0 = -m*q - 1 + 16, -15 = i - 4*q. Calculate the greatest common factor of i and 2.
1
Suppose 3*h = -3*t + 12, -4*t + 3*h + 4 = t. Let w = 47 - 70. Let z be (-5)/t*(w + -1). Calculate the highest common factor of z and 24.
12
Suppose -k = n - 5, 0 = -3*n + k - 5*k + 13. Calculate the highest common factor of n and 49.
7
Let z(q) = q**2 + 4*q + 7. Let t be z(-5). Let y be (11 + (1 - 3))*4. What is the greatest common factor of y and t?
12
Suppose -4*x - 10 = x. Let t be 6 - (-1)/((-2)/x). What is the greatest common factor of 56 and t?
7
Let y(p) = -p - 5. Let d be y(-10). What is the highest common factor of d and 15?
5
Suppose 20 + 0 = 4*d. Suppose 2*n = -2*n + 20. Calculate the highest common divisor of d and n.
5
Suppose -2*f = 2*f. Suppose b = -f*b + 10. Let k = -32 + 34. Calculate the greatest common divisor of k and b.
2
Let a(w) = 21*w**3 - 4*w**2 + 3*w - 2. Let u be a(2). Suppose 3*t + 24 = 4*t - 3*p, 4*t - u = -3*p. Calculate the greatest common factor of t and 9.
9
Let q = -2 - -36. Calculate the greatest common divisor of 102 and q.
34
Let l = 0 - 2. Let f be (10/(-25))/(l/720). What is the greatest common divisor of f and 18?
18
Suppose -2*y + 95 + 65 = 0. Suppose -4*t + 75 = -5*k - 30, -4*k = -3*t + y. What is the greatest common divisor of 5 and t?
5
Let v = 6 + -4. Let k be 18 - (8/3 - (-2)/(-3)). Calculate the greatest common factor of v and k.
2
Let d(x) = x**3 + 49. Let u be d(0). Let o = u - 29. What is the greatest common divisor of 50 and o?
10
Suppose -2*n + 1 = -3. Suppose -n*t + 24 = -60. Let j(l) = 2*l**3 - 4*l**2 - 4. Let h be j(3). What is the greatest common factor of h and t?
14
Suppose y - 14 = 63. Calculate the highest common divisor of 7 and y.
7
Let t be 5/(35/72)*7. What is the greatest common factor of 18 and t?
18
Let x(n) = 2*n**2 + 14*n - 11. Let q be x(-11). What is the highest common factor of 7 and q?
7
Suppose -28 = -t - 7. Let n = -5 + t. Calculate the greatest common divisor of n and 24.
8
Let i(w) = 3*w - 6. Let r be 0 - 3 - 8/(-1). Let n be i(r). What is the highest common factor of n and 6?
3
Suppose -12 = -y + 14. Let g be 0*(2 - (6 + -3)). Suppose g = -5*r - 4*n + 309, r + n + 3*n - 49 = 0. What is the greatest common factor of y and r?
13
Suppose -5*n + 2*d = -18, n + 4 - 3 = 5*d. Let u be 1 + 2 + -2 + n. Calculate the highest common divisor of 25 and u.
5
Let j(c) = -c